Let y = d - b. What is the remainder when 36 is divided by y?
10
Suppose 57*t - 700 = 22*t. Calculate the remainder when 105 is divided by t.
5
Suppose 50 = 3*i - 94. Let y(n) = -96*n - 371. What is the remainder when i is divided by y(-4)?
9
Let b(j) = -56*j - 304. What is the remainder when 186 is divided by b(-6)?
26
Let o be (-10)/5 - 5*-1. Suppose -3*j + 5*m - 705 = -8*j, m - 431 = -o*j. Suppose -v - 148 = -5*v. What is the remainder when j is divided by v?
34
Let n be (-2 + 1)*1 + 4. What is the remainder when (n + -1)/((5/(-305))/(-1)) is divided by 25?
22
Let z(j) = 2*j**3 + 9*j**2 - 3. Let u be z(-4). Suppose 148 = u*s - 9*s. What is the remainder when s is divided by 14?
9
Let n(m) = -2*m + 3. Let c be n(0). Suppose -c*q + 43 = 2*j - 61, -2*q + 3*j + 52 = 0. Calculate the remainder when q is divided by 12.
8
Let b(w) = 2*w**3 - w**2 - 13*w - 10. What is the remainder when b(4) is divided by 13?
11
Let u(a) = 6*a**2 + 2*a + 1. Let g be u(-4). Suppose 2*i - 3*w = g, -2*w + 99 = 4*i - 55. Calculate the remainder when (-48)/i*115/(-2) is divided by 24.
21
Suppose -8541 - 10009 = -70*g. Calculate the remainder when g is divided by 89.
87
Let f(m) = 8*m**3 - 3*m**2 + 4*m - 2. Let h be 42/10 + 5/(-25). Suppose 4*l + 3*x = 110, h*l = -0*x + 3*x + 98. What is the remainder when l is divided by f(1)?
5
Calculate the remainder when 2 - 3*(-336)/18 is divided by 10.
8
Suppose 313 = 73*o - 52. What is the remainder when o is divided by (1/(-3))/((-2)/6)?
0
Let h = 56 - 35. Let a be 2630/20 - (-2)/(-4). Let z = a - 91. Calculate the remainder when z is divided by h.
19
Let p(o) = o**3 - 3*o + 2. Let i be p(6). Let h = i - 121. Calculate the remainder when h is divided by 40.
39
Let r be 2/4*(-5 - -15). Suppose 4*h - r*h + 58 = 0. What is the remainder when h is divided by 12?
10
Let i = 636 - 598. What is the remainder when 110 is divided by i?
34
Let l(n) = -394*n**3 + n**2 + 9*n + 9. What is the remainder when l(-1) is divided by 7?
3
Let l be (-2)/(-8)*-2*-2. Let x be (-25)/l - (0 + 0). What is the remainder when 170/x*(-5)/2 is divided by 4?
1
Suppose -65 = -2*u + 27. Suppose 0*o - 3*o - 189 = 0. Calculate the remainder when u is divided by (162/o)/(3/(-14)).
10
Let k = -679 - -857. What is the remainder when k is divided by 62?
54
Let n be ((-6)/(-4) + -2)*-4. Let j = 16 + -8. What is the remainder when (-1 + n/(-4))*-14 is divided by j?
5
Suppose c + 4*g = 4*c - 133, -4*c - 2*g + 148 = 0. Calculate the remainder when 41 is divided by c.
2
Let b(s) = -s**3 + 24*s**2 - 23*s. Let y be b(23). Suppose y = r - 8 - 7. What is the remainder when r is divided by 10?
5
Suppose -3*b + 211 = -5*h - 292, b - 171 = 5*h. What is the remainder when b is divided by 42?
40
Suppose 4*a - 9 = 7. Suppose -3 - 1 = -a*y, -48 = -4*i - 4*y. Suppose -5*h - 4*u + 40 = -3*h, 5*h = -2*u + 100. Calculate the remainder when h is divided by i.
9
What is the remainder when (10938/(-12))/(-1)*2 is divided by 76?
75
Suppose 0 = 5*j + j - 30. Let n be 0/((-6)/2) + 6. Calculate the remainder when 4/n*(-189)/(-18) is divided by j.
2
Let p = -1474 - -1702. What is the remainder when p is divided by 23?
21
Let d = 965 - 36. Calculate the remainder when d is divided by 31.
30
Let z(y) be the third derivative of -y**4/3 + 3*y**3 + 10*y**2. Calculate the remainder when 122 is divided by z(-3).
38
Let v = 120 - 114. Suppose v*c = 2*c + 84. Calculate the remainder when c is divided by 8.
5
Let h(j) be the first derivative of -j**3/3 - 16*j**2 + 68*j + 5. What is the remainder when h(-31) is divided by (4*2)/((-2)/(-5))?
19
Suppose 8*n - 9 = -2*l + 3*n, 2*n = 3*l + 15. Calculate the remainder when (-6)/l - 4 - -42 is divided by 6.
4
Suppose -6*n + 27 = -5*n. Let d(p) = 2*p + 1. Calculate the remainder when n is divided by d(3).
6
Suppose 355 = -920*h + 925*h. What is the remainder when h is divided by 27?
17
Let z = 57 - 55. Suppose z*k + 5*v - 29 = 0, 14 = 2*k + v + v. Calculate the remainder when 1*(-2 + 3) - -8 is divided by k.
1
Suppose 16*b + g = 13*b + 65, 0 = b - 3*g - 15. Calculate the remainder when 44 is divided by b.
2
Suppose -2*n - 9 = n. Let r be -15 + (0 - 0) - n. Calculate the remainder when r/(-10)*5/2 is divided by 1.
0
Let y = -1 - 4. Let t(p) = -9*p + 2. Suppose 5*q = -2*h + 44, 9*h + 5*q = 5*h + 68. Calculate the remainder when t(y) is divided by h.
11
Let j(c) = c**3 - 3*c**2 + 3*c + 3. Let g be j(4). Suppose -11 = -t - 5*y, t + y - g = 6*y. What is the remainder when t is divided by 6?
3
Suppose m = 2*d + 6*m - 15, -2*m = -2*d - 20. Let w(g) = g**3 - g**2 - 5*g + 4. Let u be w(3). Calculate the remainder when 28 is divided by 2 + d + 6 + u.
8
Let f(h) = h**3 - 3*h**2 - 4*h + 6. What is the remainder when 15 is divided by f(4)?
3
What is the remainder when 278/(1/(-3) - (-49)/21) is divided by 477/24 - 4/(-32)?
19
Suppose 0 = s + 4, 2*q + 4*s = 24 + 154. Calculate the remainder when q is divided by ((-62)/(-4) - 1) + (-2)/4.
13
Let x(w) = -15*w**2 + 19*w - 11. Let r(n) = -23*n**2 + 29*n - 16. Let z(l) = 5*r(l) - 8*x(l). Calculate the remainder when z(-4) is divided by 30.
26
Suppose 5*r = -4*i - 330, 2*r + 4*i - 9*i + 165 = 0. Let o(x) = -x**2 - x - 5. Let n be o(5). Let a = n - r. What is the remainder when a is divided by 9?
8
Let q(g) = -8*g**2 + 20 + g - 44 + 24. Let u be q(1). Let z = 62 - u. Calculate the remainder when z is divided by 24.
21
Let u = 776 + 631. Calculate the remainder when u is divided by 22.
21
Let v = -431 - -524. What is the remainder when v is divided by 19?
17
Suppose 0 = -7*n + 148 + 181. Suppose z = -3*o + 135 - n, -4*z = -2*o + 54. Calculate the remainder when 143 is divided by o.
27
Let q(s) = 6*s**2 - 4*s - 1. Let c be q(2). Suppose c = -3*h + 69. Calculate the remainder when 88 is divided by h.
16
What is the remainder when 110 is divided by 53 - 51 - (0 + -74)?
34
Suppose -2*j = -2*i + 20, 3*i - 32 = j - 2. Suppose i = l + 1. Calculate the remainder when l is divided by 6.
3
Let j(f) = f**3 - 7*f**2 - 18*f - 80. Let q(s) = s**2 + s - 3. Calculate the remainder when j(11) is divided by q(-8).
47
Let y(t) = -7*t**2 + 187*t - 52. What is the remainder when 332 is divided by y(26)?
20
Let r(q) = q**2 + 3*q - 13. What is the remainder when 129 is divided by r(-8)?
21
Let h = 160 + -106. Let y = h - 16. What is the remainder when 73 is divided by y?
35
Let r(p) = 2*p**2 + 8*p - 4. Let u be r(-4). Let c = u - -19. Calculate the remainder when c is divided by 8.
7
Let u(r) = -r**3 + 2*r**2 + 5*r + 19. Calculate the remainder when 101 is divided by u(4).
3
Let v(m) = -2*m**3 - 2*m**2 + m - 1. Let i be v(-2). Suppose -204 = -i*n - 9. What is the remainder when n is divided by 21?
18
Let b(h) = h**3 + 12*h**2 + 12*h - 1. Let z(j) = j**2 + j. Let s(u) = -b(u) + 6*z(u). Calculate the remainder when s(-5) is divided by 4.
2
Let c(l) be the first derivative of 3*l**2/2 - 16*l - 21. Calculate the remainder when 51 is divided by c(14).
25
Let y = 751 + -483. Calculate the remainder when y is divided by 91.
86
Suppose 0*u + 3*u - 27 = 0. Let k be (u/27)/((-2)/(-102)). Let o = 98 + k. What is the remainder when o is divided by 29?
28
Let b(j) = -j**3 + 16*j**2 + 35*j + 56. What is the remainder when 73 is divided by b(18)?
35
Let v(z) = z**2 - 4. Let i(a) = a**2 - a + 1. Let g(f) = i(f) + v(f). What is the remainder when g(-4) is divided by 12?
9
Let i(d) be the second derivative of 5*d**3/6 - d**2 - d. Let h be i(1). Suppose 0 = n - 6 + h. What is the remainder when n is divided by 1?
0
Let n(m) = m**2 + 11*m + 41. Let f be n(-8). Suppose 14*q - f*q = -27. What is the remainder when 50 is divided by q?
5
Let x = 63 + -66. Calculate the remainder when (464/(-8))/(2/x) is divided by 22.
21
Let q(m) = 14*m + 11*m - 4*m - 10. Let p be q(3). What is the remainder when p*(2 - (-1)/(-1)) is divided by 14?
11
Let c = 378 + 35. What is the remainder when c is divided by 18?
17
Suppose -16*y + 1061 = -43. Calculate the remainder when y is divided by 9.
6
Suppose -4*r + 479 = -165. What is the remainder when r is divided by 22?
7
Let s(x) = 11*x + 1. Let z be (2 - -1)*5 - 3. Let q = 14 - z. What is the remainder when s(q) is divided by 13?
10
Let v = 568 - 330. Suppose -3*g + 7*g + 662 = -2*n, -346 = 2*g - 4*n. Let b = v + g. What is the remainder when b